{"id":16,"date":"2023-10-17T13:37:10","date_gmt":"2023-10-17T11:37:10","guid":{"rendered":"https:\/\/ucb-landau.de\/?page_id=16"},"modified":"2026-02-23T11:20:47","modified_gmt":"2026-02-23T10:20:47","slug":"impressum","status":"publish","type":"page","link":"https:\/\/ucb-landau.de\/?page_id=16","title":{"rendered":"Impressum"},"content":{"rendered":"\n<h2 class=\"wp-block-heading\">Angaben gem\u00e4\u00df \u00a7 5 TMG:<\/h2>\n\n\n\n<p>Stadtkapelle Landau e.V.<br>Helmbachstra\u00dfe 1<br>76829 Landau<\/p>\n\n\n\n<h2 class=\"wp-block-heading\">Vertreten durch<strong>, und\u00a0Inhaltlich Verantwortlich gem\u00e4\u00df \u00a7 18 Abs. 2 MStV:<\/strong><\/h2>\n\n\n\n<p>Frank Woll,&nbsp;     76833 B\u00f6chingen ,     Vorsitzender<br>Markus Lichti, 76829 Landau<strong>,<\/strong>&nbsp;           stellvertretender Vorsitzender<\/p>\n\n\n\n<h2 class=\"wp-block-heading has-medium-font-size\">Kontakt:<\/h2>\n\n\n\n<p>Telefon: Frank Woll: 06341\/61621<br>E-Mail:&nbsp;&nbsp;<a href=\"mailto:kontakt@stadtkapelle-landau.de\">kontakt@stadtkapelle-landau.de<\/a><\/p>\n\n\n\n<h2 class=\"wp-block-heading has-medium-font-size\"><strong>Webmaster:<\/strong><\/h2>\n\n\n\n<p>Urban Lauber, Landau<br>E-Mail:&nbsp;&nbsp;<a href=\"mailto:webmaster@stadtkapelle-landau.de\">webmaster@stadtkapelle-landau.de<\/a><\/p>\n\n\n\n<p class=\"has-medium-font-size\"><strong>Registereintrag:<\/strong><\/p>\n\n\n\n<p>Registergericht: Vereinsregister des Amtsgerichts Landau in der Pfalz<br>Registernummer: VR 418<\/p>\n\n\n\n<h2 class=\"wp-block-heading\">Haftungsausschluss:<\/h2>\n\n\n\n<p><strong>Haftung f\u00fcr Inhalte<\/strong><\/p>\n\n\n\n<p>Die Inhalte unserer Seiten wurden mit gr\u00f6\u00dfter Sorgfalt erstellt. F\u00fcr die Richtigkeit, Vollst\u00e4ndigkeit und Aktualit\u00e4t der Inhalte k\u00f6nnen wir jedoch keine Gew\u00e4hr \u00fcbernehmen. Als Diensteanbieter sind wir gem\u00e4\u00df \u00a7 7 Abs.1 TMG f\u00fcr eigene Inhalte auf diesen Seiten nach den allgemeinen Gesetzen verantwortlich. Nach \u00a7\u00a7 8 bis 10 TMG sind wir als Diensteanbieter jedoch nicht verpflichtet, \u00fcbermittelte oder gespeicherte fremde Informationen zu \u00fcberwachen oder nach Umst\u00e4nden zu forschen, die auf eine rechtswidrige T\u00e4tigkeit hinweisen. Verpflichtungen zur Entfernung oder Sperrung der Nutzung von Informationen nach den allgemeinen Gesetzen bleiben hiervon unber\u00fchrt. Eine diesbez\u00fcgliche Haftung ist jedoch erst ab dem Zeitpunkt der Kenntnis einer konkreten Rechtsverletzung m\u00f6glich. Bei Bekanntwerden von entsprechenden Rechtsverletzungen werden wir diese Inhalte umgehend entfernen.<\/p>\n\n\n\n<p><strong>Haftung f\u00fcr Links<\/strong><\/p>\n\n\n\n<p>Unser Angebot enth\u00e4lt Links zu externen Webseiten Dritter, auf deren Inhalte wir keinen Einfluss haben. Deshalb k\u00f6nnen wir f\u00fcr diese fremden Inhalte auch keine Gew\u00e4hr \u00fcbernehmen. F\u00fcr die Inhalte der verlinkten Seiten ist stets der jeweilige Anbieter oder Betreiber der Seiten verantwortlich. Die verlinkten Seiten wurden zum Zeitpunkt der Verlinkung auf m\u00f6gliche Rechtsverst\u00f6\u00dfe \u00fcberpr\u00fcft. Rechtswidrige Inhalte waren zum Zeitpunkt der Verlinkung nicht erkennbar. Eine permanente inhaltliche Kontrolle der verlinkten Seiten ist jedoch ohne konkrete Anhaltspunkte einer Rechtsverletzung nicht zumutbar. Bei Bekanntwerden von Rechtsverletzungen werden wir derartige Links umgehend entfernen.<\/p>\n\n\n\n<p><strong>Urheberrecht<\/strong><\/p>\n\n\n\n<p>Die durch die Seitenbetreiber erstellten Inhalte und Werke auf diesen Seiten unterliegen dem deutschen Urheberrecht. Die Vervielf\u00e4ltigung, Bearbeitung, Verbreitung und jede Art der Verwertung au\u00dferhalb der Grenzen des Urheberrechtes bed\u00fcrfen der schriftlichen Zustimmung des jeweiligen Autors bzw. Erstellers. Downloads und Kopien dieser Seite sind nur f\u00fcr den privaten, nicht kommerziellen Gebrauch gestattet. Soweit die Inhalte auf dieser Seite nicht vom Betreiber erstellt wurden, werden die Urheberrechte Dritter beachtet. Insbesondere werden Inhalte Dritter als solche gekennzeichnet. Sollten Sie trotzdem auf eine Urheberrechtsverletzung aufmerksam werden, bitten wir um einen entsprechenden Hinweis. Bei Bekanntwerden von Rechtsverletzungen werden wir derartige Inhalte umgehend entfernen.<\/p>\n","protected":false},"excerpt":{"rendered":"<p>Angaben gem\u00e4\u00df \u00a7 5 TMG: Stadtkapelle Landau e.V.Helmbachstra\u00dfe 176829 Landau Vertreten durch, und\u00a0Inhaltlich Verantwortlich gem\u00e4\u00df \u00a7 18 Abs. 2 MStV: Frank Woll,&nbsp; 76833 B\u00f6chingen , VorsitzenderMarkus Lichti, 76829 Landau,&nbsp; stellvertretender Vorsitzender Kontakt: Telefon: Frank Woll: 06341\/61621E-Mail:&nbsp;&nbsp;kontakt@stadtkapelle-landau.de Webmaster: Urban Lauber, LandauE-Mail:&nbsp;&nbsp;webmaster@stadtkapelle-landau.de Registereintrag: Registergericht: Vereinsregister des Amtsgerichts Landau in der PfalzRegisternummer: VR 418 Haftungsausschluss: Haftung f\u00fcr Inhalte [&hellip;]<\/p>\n","protected":false},"author":2,"featured_media":0,"parent":0,"menu_order":99,"comment_status":"closed","ping_status":"closed","template":"","meta":{"ocean_post_layout":"","ocean_both_sidebars_style":"","ocean_both_sidebars_content_width":0,"ocean_both_sidebars_sidebars_width":0,"ocean_sidebar":"","ocean_second_sidebar":"","ocean_disable_margins":"enable","ocean_add_body_class":"","ocean_shortcode_before_top_bar":"","ocean_shortcode_after_top_bar":"","ocean_shortcode_before_header":"","ocean_shortcode_after_header":"","ocean_has_shortcode":"","ocean_shortcode_after_title":"","ocean_shortcode_before_footer_widgets":"","ocean_shortcode_after_footer_widgets":"","ocean_shortcode_before_footer_bottom":"","ocean_shortcode_after_footer_bottom":"","ocean_display_top_bar":"default","ocean_display_header":"default","ocean_header_style":"","ocean_center_header_left_menu":"","ocean_custom_header_template":"","ocean_custom_logo":0,"ocean_custom_retina_logo":0,"ocean_custom_logo_max_width":0,"ocean_custom_logo_tablet_max_width":0,"ocean_custom_logo_mobile_max_width":0,"ocean_custom_logo_max_height":0,"ocean_custom_logo_tablet_max_height":0,"ocean_custom_logo_mobile_max_height":0,"ocean_header_custom_menu":"","ocean_menu_typo_font_family":"","ocean_menu_typo_font_subset":"","ocean_menu_typo_font_size":0,"ocean_menu_typo_font_size_tablet":0,"ocean_menu_typo_font_size_mobile":0,"ocean_menu_typo_font_size_unit":"px","ocean_menu_typo_font_weight":"","ocean_menu_typo_font_weight_tablet":"","ocean_menu_typo_font_weight_mobile":"","ocean_menu_typo_transform":"","ocean_menu_typo_transform_tablet":"","ocean_menu_typo_transform_mobile":"","ocean_menu_typo_line_height":0,"ocean_menu_typo_line_height_tablet":0,"ocean_menu_typo_line_height_mobile":0,"ocean_menu_typo_line_height_unit":"","ocean_menu_typo_spacing":0,"ocean_menu_typo_spacing_tablet":0,"ocean_menu_typo_spacing_mobile":0,"ocean_menu_typo_spacing_unit":"","ocean_menu_link_color":"","ocean_menu_link_color_hover":"","ocean_menu_link_color_active":"","ocean_menu_link_background":"","ocean_menu_link_hover_background":"","ocean_menu_link_active_background":"","ocean_menu_social_links_bg":"","ocean_menu_social_hover_links_bg":"","ocean_menu_social_links_color":"","ocean_menu_social_hover_links_color":"","ocean_disable_title":"default","ocean_disable_heading":"default","ocean_post_title":"","ocean_post_subheading":"","ocean_post_title_style":"","ocean_post_title_background_color":"","ocean_post_title_background":0,"ocean_post_title_bg_image_position":"","ocean_post_title_bg_image_attachment":"","ocean_post_title_bg_image_repeat":"","ocean_post_title_bg_image_size":"","ocean_post_title_height":0,"ocean_post_title_bg_overlay":0.5,"ocean_post_title_bg_overlay_color":"","ocean_disable_breadcrumbs":"default","ocean_breadcrumbs_color":"","ocean_breadcrumbs_separator_color":"","ocean_breadcrumbs_links_color":"","ocean_breadcrumbs_links_hover_color":"","ocean_display_footer_widgets":"default","ocean_display_footer_bottom":"default","ocean_custom_footer_template":"","jetpack_post_was_ever_published":false,"footnotes":""},"class_list":["post-16","page","type-page","status-publish","hentry","entry"],"jetpack-related-posts":[{"id":127,"url":"https:\/\/ucb-landau.de\/?page_id=127","url_meta":{"origin":16,"position":0},"title":"News","author":"ulauber","date":"25. M\u00e4rz 2024","format":false,"excerpt":"Benefizkonzert in Wissembourg am 8. M\u00e4rz Adventskonzert am 7.12. um 17:00 Uhr Am Sonntag, den 07. Dezember, um 17 Uhr l\u00e4dt die Stadtkapelle zu ihrem traditionellen Adventskonzertin die katholische Kirche Mari\u00e4-Himmelfahrt in Landau-Queichheim ein.Das sinfonische Blasorchester und das Jugendorchester, die United Concert Band wollen den Zuh\u00f6rerinnen und Zuh\u00f6rern eine Atempause\u2026","rel":"","context":"\u00c4hnlicher Beitrag","block_context":{"text":"\u00c4hnlicher Beitrag","link":""},"img":{"alt_text":"","src":"https:\/\/i0.wp.com\/ucb-landau.de\/wp-content\/uploads\/2024\/06\/2024-Fete-scaled.jpg?resize=350%2C200","width":350,"height":200,"srcset":"https:\/\/i0.wp.com\/ucb-landau.de\/wp-content\/uploads\/2024\/06\/2024-Fete-scaled.jpg?resize=350%2C200 1x, https:\/\/i0.wp.com\/ucb-landau.de\/wp-content\/uploads\/2024\/06\/2024-Fete-scaled.jpg?resize=525%2C300 1.5x, https:\/\/i0.wp.com\/ucb-landau.de\/wp-content\/uploads\/2024\/06\/2024-Fete-scaled.jpg?resize=700%2C400 2x, https:\/\/i0.wp.com\/ucb-landau.de\/wp-content\/uploads\/2024\/06\/2024-Fete-scaled.jpg?resize=1050%2C600 3x, https:\/\/i0.wp.com\/ucb-landau.de\/wp-content\/uploads\/2024\/06\/2024-Fete-scaled.jpg?resize=1400%2C800 4x"},"classes":[]},{"id":45,"url":"https:\/\/ucb-landau.de\/","url_meta":{"origin":16,"position":1},"title":"Home","author":"ulauber","date":"19. Oktober 2023","format":false,"excerpt":"120 Jahre Zoo Landau am 25.08.2024120 Jahre Zoo Landau am 25.08.2024120 Jahre Zoo Landau am 25.08.2024Fete de la Musik 2024Kindertag Landau 2024 Kindertag Landau 2024 Musikalische Leitung Adventskonzert 2023 erster Auftritt der UCBAdventskonzert 2023 erster Auftritt der UCBAdventskonzert 2023 erster Auftritt der UCBAdventskonzert 2023 erster Auftritt der UCB Die United\u2026","rel":"","context":"\u00c4hnlicher Beitrag","block_context":{"text":"\u00c4hnlicher Beitrag","link":""},"img":{"alt_text":"120 Jahre Zoo Landau am 25.08.2025","src":"https:\/\/i0.wp.com\/ucb-landau.de\/wp-content\/uploads\/2024\/08\/IMG_20240825_122537-scaled.jpg?resize=350%2C200&ssl=1","width":350,"height":200,"srcset":"https:\/\/i0.wp.com\/ucb-landau.de\/wp-content\/uploads\/2024\/08\/IMG_20240825_122537-scaled.jpg?resize=350%2C200&ssl=1 1x, https:\/\/i0.wp.com\/ucb-landau.de\/wp-content\/uploads\/2024\/08\/IMG_20240825_122537-scaled.jpg?resize=525%2C300&ssl=1 1.5x, https:\/\/i0.wp.com\/ucb-landau.de\/wp-content\/uploads\/2024\/08\/IMG_20240825_122537-scaled.jpg?resize=700%2C400&ssl=1 2x, https:\/\/i0.wp.com\/ucb-landau.de\/wp-content\/uploads\/2024\/08\/IMG_20240825_122537-scaled.jpg?resize=1050%2C600&ssl=1 3x, https:\/\/i0.wp.com\/ucb-landau.de\/wp-content\/uploads\/2024\/08\/IMG_20240825_122537-scaled.jpg?resize=1400%2C800&ssl=1 4x"},"classes":[]},{"id":23,"url":"https:\/\/ucb-landau.de\/?page_id=23","url_meta":{"origin":16,"position":2},"title":"DSGVO","author":"ulauber","date":"17. Oktober 2023","format":false,"excerpt":"Datenschutzerkl\u00e4rung Verantwortliche Stelle im Sinne der Datenschutzgesetze, insbesondere der EU-Datenschutzgrundverordnung (DSGVO), ist: Vorsitzender Frank Woll,\u00a0 \u00a0 Mail:\u00a0kontakt@stadtkapelle-landau.de Webmaster Urban Lauber\u00a0 \u00a0Mail:\u00a0webmaster@stadtkapelle-landau.de Ihre Betroffenenrechte Unter den angegebenen Kontaktdaten unseres Datenschutzbeauftragten k\u00f6nnen Sie jederzeit folgende Rechte aus\u00fcben: Auskunft \u00fcber Ihre bei uns gespeicherten Daten und deren Verarbeitung (Art. 15 DSGVO), Berichtigung unrichtiger\u2026","rel":"","context":"\u00c4hnlicher Beitrag","block_context":{"text":"\u00c4hnlicher Beitrag","link":""},"img":{"alt_text":"","src":"","width":0,"height":0},"classes":[]},{"id":157,"url":"https:\/\/ucb-landau.de\/?page_id=157","url_meta":{"origin":16,"position":3},"title":"Galerie","author":"ulauber","date":"9. Juni 2024","format":false,"excerpt":"L\u00e4tare Umzug 2025 Kindertag Landau Juni 2024 Kindertag Landau 2024 Kindertag Landau 2024 Adventskonzert im Dezember 2023, der erste Auftritt","rel":"","context":"\u00c4hnlicher Beitrag","block_context":{"text":"\u00c4hnlicher Beitrag","link":""},"img":{"alt_text":"","src":"https:\/\/i0.wp.com\/ucb-landau.de\/wp-content\/uploads\/2025\/05\/20250330-Laetarezumzug-UCB-36-scaled.jpg?resize=350%2C200&ssl=1","width":350,"height":200,"srcset":"https:\/\/i0.wp.com\/ucb-landau.de\/wp-content\/uploads\/2025\/05\/20250330-Laetarezumzug-UCB-36-scaled.jpg?resize=350%2C200&ssl=1 1x, https:\/\/i0.wp.com\/ucb-landau.de\/wp-content\/uploads\/2025\/05\/20250330-Laetarezumzug-UCB-36-scaled.jpg?resize=525%2C300&ssl=1 1.5x, https:\/\/i0.wp.com\/ucb-landau.de\/wp-content\/uploads\/2025\/05\/20250330-Laetarezumzug-UCB-36-scaled.jpg?resize=700%2C400&ssl=1 2x, https:\/\/i0.wp.com\/ucb-landau.de\/wp-content\/uploads\/2025\/05\/20250330-Laetarezumzug-UCB-36-scaled.jpg?resize=1050%2C600&ssl=1 3x, https:\/\/i0.wp.com\/ucb-landau.de\/wp-content\/uploads\/2025\/05\/20250330-Laetarezumzug-UCB-36-scaled.jpg?resize=1400%2C800&ssl=1 4x"},"classes":[]},{"id":75,"url":"https:\/\/ucb-landau.de\/?page_id=75","url_meta":{"origin":16,"position":4},"title":"Intern","author":"ulauber","date":"22. Oktober 2023","format":false,"excerpt":"Login","rel":"","context":"\u00c4hnlicher Beitrag","block_context":{"text":"\u00c4hnlicher Beitrag","link":""},"img":{"alt_text":"","src":"","width":0,"height":0},"classes":[]}],"jetpack_sharing_enabled":true,"_links":{"self":[{"href":"https:\/\/ucb-landau.de\/index.php?rest_route=\/wp\/v2\/pages\/16","targetHints":{"allow":["GET"]}}],"collection":[{"href":"https:\/\/ucb-landau.de\/index.php?rest_route=\/wp\/v2\/pages"}],"about":[{"href":"https:\/\/ucb-landau.de\/index.php?rest_route=\/wp\/v2\/types\/page"}],"author":[{"embeddable":true,"href":"https:\/\/ucb-landau.de\/index.php?rest_route=\/wp\/v2\/users\/2"}],"replies":[{"embeddable":true,"href":"https:\/\/ucb-landau.de\/index.php?rest_route=%2Fwp%2Fv2%2Fcomments&post=16"}],"version-history":[{"count":3,"href":"https:\/\/ucb-landau.de\/index.php?rest_route=\/wp\/v2\/pages\/16\/revisions"}],"predecessor-version":[{"id":452,"href":"https:\/\/ucb-landau.de\/index.php?rest_route=\/wp\/v2\/pages\/16\/revisions\/452"}],"wp:attachment":[{"href":"https:\/\/ucb-landau.de\/index.php?rest_route=%2Fwp%2Fv2%2Fmedia&parent=16"}],"curies":[{"name":"wp","href":"https:\/\/api.w.org\/{rel}","templated":true}]}}